 of p and n.
9
Let n(l) = -l**3 - 5*l**2 + 3*l. Let z(f) = -f**2 + 11*f + 5. Let c be z(12). Let w be n(c). What is the highest common factor of 7 and w?
7
Let y = 29 + 11. Calculate the highest common factor of y and 16.
8
Suppose -5*s - 10 = 5*p, 2*p + s = 7*p - 20. Calculate the highest common divisor of p and 3.
3
Let f be (3/6 - 0)*-4 + 3. What is the greatest common divisor of 8 and f?
1
Let v be (-17)/5*(4 + -9). Calculate the highest common factor of 153 and v.
17
Let j be ((-40)/12)/((-8)/6 + 1). Let b be 3/((-2)/((-4)/3)). Let p = b + 0. What is the greatest common divisor of j and p?
2
Let s be (9/(-15))/(1/(-5)). Suppose 72 = 6*z - s*z. Let t be 32 - -7 - 3*1. Calculate the highest common factor of t and z.
12
Suppose -3*l = -3*y - 69, l + 0*l + 3*y = 27. Let n(x) = x**2 - 2*x. Let s be n(6). Calculate the highest common factor of s and l.
24
Let c be (-3 - 0)*11/3. Let a(m) = -m + 1. Let z be a(c). Calculate the highest common divisor of z and 12.
12
Let j = 15 + -7. Let l(o) = -5*o - 6. Let n be l(-6). What is the greatest common factor of j and n?
8
Let i = 3 + 109. Calculate the highest common factor of 16 and i.
16
Suppose 0 = 3*b - 120. What is the highest common factor of 80 and b?
40
Let d be ((-1)/(-2))/(7/994). Suppose 5*c = d + 74. Let u = c + -3. What is the highest common factor of u and 65?
13
Let y = 148 - 63. Suppose 3*x - y = -25. Suppose o = 4*d + 3, -2*o + 0*o + d + x = 0. What is the greatest common factor of o and 11?
11
Let o be (4/10)/(3/45). Let d = -7 - -11. Calculate the highest common divisor of d and o.
2
Let y = -234 + 253. Let z = 0 + -3. Let l be ((-133)/1)/(z + 2). What is the highest common factor of y and l?
19
Let p be 0 + (-1 - (-37 - -1)). Suppose 21 = 3*f - 0*f. What is the greatest common divisor of p and f?
7
Let p = -2 - -1. Let d be p + 5/((-15)/(-42)). Calculate the greatest common factor of 65 and d.
13
Let j be 4/6 + (-20)/(-15). Suppose -j*c + 5*c = 33. Let i be (-1*2)/(-5 - -3). What is the greatest common divisor of c and i?
1
Let g = 41 - 87. Let f = -10 - g. What is the highest common divisor of 18 and f?
18
Let d = 104 - 90. Let n(x) = -4*x - 2. Let j = 3 - 7. Let k be n(j). What is the greatest common factor of k and d?
14
Suppose -392 = -5*f - 42. Calculate the greatest common factor of 28 and f.
14
Suppose -5*w + 2*t = 5*t - 1100, -w = -3*t - 202. Calculate the highest common divisor of 7 and w.
7
Let p(s) = 4*s + 12. Let o be p(9). What is the highest common factor of 12 and o?
12
Suppose -q - 8 = 2*d - 5*q, -3*d - q = -16. Suppose 27 = 4*c + d*k - 29, 0 = 3*c - 3*k - 18. What is the highest common divisor of 70 and c?
10
Suppose 650 = 5*v - 0*v. Let s = -54 - -80. Calculate the highest common factor of v and s.
26
Let a = -139 - -144. Calculate the greatest common divisor of 25 and a.
5
Suppose 0 = 7*y - 54 - 9. Calculate the highest common divisor of 99 and y.
9
Suppose -5*g + 33 + 32 = 0. Let j = 184 + -80. What is the highest common divisor of j and g?
13
Suppose -2*b = 2*d - 22, 3*b = 4*b + 1. Suppose 4*q - 96 = 2*q. What is the highest common factor of d and q?
12
Suppose 45*t + 255 = 50*t. Suppose c + 1 - 26 = 4*y, c = -4*y + 9. Calculate the greatest common divisor of t and c.
17
Let u be 2 + -27*(-2 - -1). Suppose 4*g = -2*h - 5 + u, 36 = 3*h + 4*g. Suppose 0 = -3*d - 2*d + 420. What is the greatest common divisor of h and d?
12
Let n = -95 + 100. Calculate the highest common divisor of n and 5.
5
Suppose -4*n - n = 0. Suppose -3*d - 13 = -4*s, n*s = 2*s - 3*d - 5. Suppose -s*k + 144 = -0*k. What is the highest common factor of k and 12?
12
Suppose 0 = 3*m - 8 - 7. Let v be ((-32)/3)/(m/(-45)). Calculate the greatest common factor of 12 and v.
12
Let r(n) = n**2 + 2*n - 2. Let p be r(-5). Calculate the highest common factor of p and 26.
13
Suppose -3*j - 107 = -6*j + d, 185 = 5*j - 5*d. Calculate the highest common factor of j and 7.
7
Suppose -6*k = 3*u - k - 85, 0 = 4*k - 20. Let l = -12 + 37. Suppose 3*t - l - u = 0. Calculate the highest common divisor of 3 and t.
3
Let x(m) = 25*m. Let w be x(1). Let l(d) = 4*d - 4. Let o be l(4). Let h = -7 + o. Calculate the highest common divisor of h and w.
5
Suppose 5*s - 3*s = 306. Let g = -9 + 22. Let z = g - -4. Calculate the greatest common factor of s and z.
17
Let p(f) = f**3 - 6*f**2 + 2*f + 1. Let w be p(6). Calculate the highest common divisor of w and 65.
13
Suppose 0*p = 5*p - 60. Suppose -5*f + 2*f + p = 0. Suppose f*g - 1 - 3 = 0. Calculate the highest common factor of g and 2.
1
Let s = -34 - -64. Let a be (6/(-5))/((-9)/s). Suppose r + a*m = -2 + 16, 5*r + 4*m - 102 = 0. What is the highest common divisor of 2 and r?
2
Let d = 31 - 23. Calculate the greatest common divisor of d and 12.
4
Let d = 658 + -438. Suppose -d = -0*f - 4*f. What is the highest common factor of f and 22?
11
Let n(w) = -w**3 - 4*w**2 - 5*w - 6. Let l be n(-5). Suppose -5*t = -2*x - 3, 0*x - 5*x = 5*t - 80. Calculate the highest common divisor of l and x.
11
Let y(f) be the third derivative of -f**5/60 + 5*f**4/24 - f**3/2 + 3*f**2. Let q be y(3). Calculate the highest common divisor of 33 and q.
3
Let l(x) = -3*x**3 - 5*x**2 - 5*x + x**3 + 2*x. Let s = -29 - -26. Let w be l(s). Calculate the greatest common divisor of w and 162.
18
Suppose 116 = 3*x - 5*x - 2*a, -6 = 2*a. Let r be (x/(-10))/((-2)/(-92)). Calculate the greatest common divisor of r and 23.
23
Let v = 270 + -405. Let b = -90 - v. Calculate the greatest common factor of b and 9.
9
Suppose -3*r - 2*x - 2*x = -6, r + 2*x - 2 = 0. Let h(p) = 1 + p - 1 + r + 14. Let l be h(0). Calculate the highest common divisor of l and 40.
8
Suppose 0*u + 2288 = 16*u. Suppose d = -2 + 15. Calculate the greatest common factor of d and u.
13
Let k(a) = -2*a**2 + 3 + 0*a**2 - 6*a + a**2. Let g be k(-5). Suppose -f - 6 = -4*f. Calculate the highest common factor of g and f.
2
Let q(l) = -l**3 + 7*l**2 - 2*l - 8. Let d be q(6). Let g be ((-27)/(-12))/(6/d). Let i be 18*1/(6/4). What is the highest common divisor of i and g?
6
Suppose -3*o + 19 = -2*o - m, 15 = 3*m. What is the highest common factor of 12 and o?
12
Let l be (-105)/(-20) - 2/8. Suppose -5*z = l*p - 340, 0*z = p - 2*z - 80. Suppose -6*c + 2*c = -p. What is the highest common factor of c and 12?
6
Let s be -3 + -87 + (-1 - -3). Let h = s - -132. What is the highest common factor of 22 and h?
22
Suppose -2*g + 27 = 4*p - 55, 3*g - 167 = 5*p. What is the highest common factor of g and 392?
49
Let k be 3 + 0*(-2)/6. Suppose -2*z = -h + 4*h - 12, -1 = -5*h + k*z. Suppose -h*q - 3*q = -50. Calculate the greatest common factor of 80 and q.
10
Let f = 59 - 9. Let y be f/14 - (-4)/(-7). What is the greatest common divisor of y and 6?
3
Suppose 0*f - 3*f - 2*z + 28 = 0, z - 20 = -2*f. Let o(u) = -u**2 - 3*u + 1. Let j be o(-2). Calculate the greatest common factor of j and f.
3
Let y(q) = 5*q - 1. Let k be y(1). Suppose -2*x - k = 0, -4*x = 5*h + 21 - 73. Calculate the highest common divisor of h and 4.
4
Let m = 437 + -417. Suppose -2*p = -8 - 0. Calculate the greatest common factor of p and m.
4
Let m be (-19)/(-7) - (-2)/7. Suppose 4*a + 9 = 5*k - 21, 2*a + 18 = m*k. Calculate the highest common factor of 12 and k.
6
Suppose 0 = 2*y - 4*r - 20, 5*r = 2*y + 3*y - 70. Suppose -b - 3*c + y = -c, 0 = b - 4*c + 6. Calculate the greatest common factor of b and 5.
5
Let a(c) = c**2 + c - 2. Let y be a(-5). Let r = -15 + 11. Let m(q) = -2*q - 5. Let g be m(r). Calculate the highest common factor of g and y.
3
Suppose 22 = 4*l - 38. Calculate the greatest common factor of l and 15.
15
Let t(b) = b**3 - 3*b**2 - b - 4. Let d be t(4). Suppose 5*y - y + 240 = 0. Let x = y - -124. What is the greatest common divisor of d and x?
8
Suppose -5 - 7 = -3*s. Calculate the highest common divisor of s and 22.
2
Let z = 1 + 1. Suppose 0 = -z*k + 3 + 9. Calculate the greatest common divisor of k and 48.
6
Let a(b) = -b**3 - 6*b**2 - 3. Let l be a(-6). Let v = 8 + l. What is the highest common divisor of v and 20?
5
Let a(k) = -9*k - 9. Let l be a(-2). Let n(o) = 3*o**2 + 8*o + 8. Let z be n(-7). Calculate the greatest common divisor of z and l.
9
Suppose k + 2*k = 0. Suppose 3*x + 3*l - 12 = k, 3 = 4*x + 2*l - 13. What is the greatest common factor of 4 and x